 - 11 = 4*d - b, 5*b - 43 = 3*d. Calculate the remainder when 46*9/d*(-10)/15 is divided by 13.
7
Suppose 0 = -5*j - 3*d + 22, -3*d = 5*j - j - 20. Suppose -4*o - 6*i + 64 = -j*i, 0 = -4*o + 3*i + 71. Calculate the remainder when 82 is divided by o.
14
What is the remainder when 7/5*5 - -45 is divided by 14?
10
Let j(y) = 50*y**2 + 1. Suppose 3*s = -15, -2*s = 2*a - 3 + 5. Suppose 13 = b - n + a*n, -15 = b - 4*n. Calculate the remainder when j(b) is divided by 11.
7
Let b = 34 - 73. Let p = 4 - b. Calculate the remainder when p is divided by 23.
20
Suppose -4*q = -5*n - 38, 6*q - 4*q - 5*n - 14 = 0. Suppose 5 + 17 = o - 2*c, 3 = -3*c. What is the remainder when o is divided by q?
8
Suppose -25*z - 16*z = -3444. Calculate the remainder when z is divided by 5.
4
Let r be -36 + 3 - 0 - -2. Let a = r - -39. What is the remainder when 37 is divided by a?
5
Let x = 853 - 816. Let y(z) = 25*z + 9. What is the remainder when y(4) is divided by x?
35
Let r = -13 - -27. Let a be (-4)/(-5)*(-105)/r. Calculate the remainder when (-132)/8*8/a is divided by 12.
10
Suppose 2*c = 15*c - 871. Let z(s) = -s**3 - 8*s**2 - 2*s - 6. What is the remainder when c is divided by z(-8)?
7
What is the remainder when (-6902)/(-210) + (-4)/(-30) is divided by 17?
16
Let c = -150 + 283. Suppose 3*h = -r + 109, -4*r - c - 39 = -4*h. What is the remainder when h is divided by 13?
12
Suppose 0 = 5*s + 34 - 854. Suppose 4*a - s = 120. Suppose 5*i + 5*j - 1 = 124, 0 = 2*i - 5*j - a. Calculate the remainder when 55 is divided by i.
27
Suppose 57 = -b + 315. What is the remainder when b is divided by 52?
50
Let u(n) = 4*n**3 - 3*n**2 - 8*n + 8. Let z(k) = 7*k**3 - 6*k**2 - 15*k + 15. Let x(w) = -11*u(w) + 6*z(w). What is the remainder when 49 is divided by x(-2)?
9
Let v = 34 - 14. Suppose l + 188 = -0*l. Let m = 267 + l. What is the remainder when m is divided by v?
19
Calculate the remainder when 23 is divided by 15 + -14 - (2 - 4*2).
2
Let h = 49 - -95. Calculate the remainder when h is divided by 25.
19
Suppose -3*d + 2*w = 8, 12 = -4*d + 5*w - 2*w. Let n(c) = c + 134. Calculate the remainder when n(d) is divided by 27.
26
Suppose -12 = 15*d - 18*d. Let q(y) = y**3 - 2*y**2 + y - 1. What is the remainder when 136 is divided by q(d)?
31
Suppose -15*t + 285 = -225. What is the remainder when 123 is divided by t?
21
Let w = 207 - 164. Calculate the remainder when 110 is divided by w.
24
Let a be (-3)/30*-6*-5. Suppose -3*j - 15 = -0*j. Calculate the remainder when 4 is divided by (1 + (a - j))*1.
1
Let n = 21 + -2. Let c = n - 23. What is the remainder when (22/(-1))/(c/2) is divided by 5?
1
Suppose 5*c - g - 300 = -0*c, 10 = -2*g. What is the remainder when c is divided by (-2 - -17)*1/((-20)/(-16))?
11
Let v be (-131 + -4)/(-3) - 1. Let g = v - 33. What is the remainder when 29 is divided by g?
7
Suppose -111 - 111 = -3*a. Calculate the remainder when a is divided by 64.
10
Let y = -428 + 545. What is the remainder when y is divided by 38?
3
Let y be (3 - 7/2)*-10. Suppose 0 = -v - y, v + 29 + 10 = 2*u. Let t = u + -7. Calculate the remainder when 38 is divided by t.
8
Suppose a + 0*a = 4*q + 2, -26 = -a - 4*q. Suppose 0 = -2*m - a. Let u(w) = w**2 + 4*w + 3. What is the remainder when 69 is divided by u(m)?
21
Suppose 4 - 20 = -2*z + 2*o, -z - 2*o = -5. Let k = 9856 + -9839. What is the remainder when k is divided by z?
3
Let l(k) = -k**2 - 11*k + 11. Let s be l(-8). Let f(r) = -r**3 + 2*r**2 - 2*r - 3. What is the remainder when -3 + 1*(s + -1) is divided by f(-2)?
14
Suppose 2*l - 2*d + 12 = 0, -6*d + d + 12 = 4*l. Suppose -2 + 0 = -c, -246 = -5*u + 2*c. Calculate the remainder when u is divided by (-25 + 8)*(l - -1).
16
Let n(f) = -11*f - 170. Calculate the remainder when n(-23) is divided by 40.
3
Let s be 110/25 - (-2)/(-5). Calculate the remainder when 15 is divided by (3/5)/(s/40).
3
What is the remainder when (11 + (-1068)/12)*(-4)/6 is divided by 28?
24
Suppose -32 = 2*g - 150. Let k = g - -43. Calculate the remainder when k is divided by 21.
18
What is the remainder when 103 is divided by 3444/78 - (-2)/(-13)?
15
Let s = 1366 + -1146. Calculate the remainder when s is divided by 72.
4
Suppose 0 = -2*h, 0 = -3*k + 3*h - 240 + 1407. What is the remainder when k is divided by 23?
21
Let a(i) = 2*i**2 + 8*i + 133. Calculate the remainder when a(-17) is divided by 20.
15
Let g = 32 + 4. Let d = 3095 + -3026. What is the remainder when d is divided by g?
33
Suppose -532 = -5*f - 3*w - 0*w, -f + 4*w = -111. Calculate the remainder when f is divided by 10.
7
Suppose -2*l = -4*l - 548. Let r = l + 107. Let d = 246 + r. Calculate the remainder when d is divided by 20.
19
Let t be ((-6)/(-4))/(4/8)*1. Suppose -5*s + t*x = -103 - 17, x = 5. What is the remainder when s is divided by 7?
6
Let p = 70 - 61. Let l = p + -1. Calculate the remainder when 8 is divided by l.
0
Let q(w) be the first derivative of 3*w**2/2 + 14*w - 32. What is the remainder when q(13) is divided by 9?
8
Suppose 0 = 4*r - 255 - 189. Let w = 130 - r. What is the remainder when 92 is divided by w?
16
Let l be 9/6*46/(-1). Calculate the remainder when 125 is divided by (1*12)/(-2)*184/l.
13
Let i = 300 - 277. What is the remainder when 86 is divided by i?
17
Suppose -4*f - 2 = -10. Suppose f*z - 105 = -3*h, -5*z + 39 = -h - 266. Suppose 226 = 16*o - 110. What is the remainder when z is divided by o?
18
Let z = -379 + 408. Let o be 17/(-2)*(3 + -1). Let x = z + o. What is the remainder when 19 is divided by x?
7
Suppose 812 = 15*l - 8*l. Calculate the remainder when 457 is divided by l.
109
Calculate the remainder when 49 is divided by 4/((-27)/33 - (1 - 2)).
5
Suppose 137*a = 29*a + 48924. Calculate the remainder when a is divided by 12.
9
Suppose -5*o + 5*n = -o - 204, 2*n - 84 = -2*o. What is the remainder when 689 is divided by o?
45
Let t(b) = -b**3 + 10*b**2 - 5*b - 15. Calculate the remainder when t(7) is divided by 52.
45
Suppose -2*n + 6 = -26. Calculate the remainder when 29 is divided by (-8)/n - 33/(-2).
13
Suppose -5*a + 3 + 22 = 5*w, -a = 3*w - 5. Let x(c) = 6*c**2 - 5*c**2 + 18 - 5*c - c. Calculate the remainder when x(8) is divided by a.
4
Let s(c) = 3*c**3 + c**2 + 9*c - 16. Let o = 80 - 77. Calculate the remainder when s(o) is divided by 34.
33
Let p(m) = 4*m**3 - 2*m**2 + 3*m - 2. Let l be p(2). Suppose 3*y + 15 = -2*y. Let z = y + l. Calculate the remainder when z is divided by 15.
10
Let q(y) = 2*y**3 - 64*y**2 + 12*y + 77. What is the remainder when q(32) is divided by 21?
20
Suppose -4*r = -4*p + 276, 3*p - 7*p + 2*r = -282. Calculate the remainder when p is divided by 5.
2
Let v = -116 + 129. Calculate the remainder when 178 is divided by v.
9
Let h(c) = -2*c + 20. Let b be h(-6). Let v be (-4)/(b/10)*-172. Let a = -153 + v. Calculate the remainder when a is divided by 16.
14
Let p(z) = 24*z**2 - 2*z + 1. Let q(c) = c**2 - 1. Let y be q(-1). Suppose y = -3*s - 6 + 42. What is the remainder when p(1) is divided by s?
11
Let s(o) = o**3 - 15*o**2 + 13*o + 23. Suppose 7*n - 2*n = 125. What is the remainder when n is divided by s(14)?
7
Let r = -35 - -31. Let k(m) = m**3 + 6*m**2 + 2*m + 5. What is the remainder when k(r) is divided by 6?
5
Let x be (2 - (4 - 3))*(-5 + 10). Suppose 4*w - w - 282 = 5*l, 4*w + l - 376 = 0. Suppose 3*a = x*a - w. What is the remainder when a is divided by 16?
15
Calculate the remainder when 90 is divided by (171/(-36))/(3/(-12)).
14
Suppose 2*z = z + 1. Let l be (6/(-18))/(z/21). Calculate the remainder when 25 is divided by (-14 - l)*(-2 - 0).
11
Let g = -167 - -184. Suppose 3*i - 1 = g. Let z = -7 - -17. What is the remainder when z is divided by i?
4
Suppose -67 = -3*g - 7. Suppose -y = -4 + 10. Calculate the remainder when y/4 - (-121)/2 is divided by g.
19
Suppose -156 = -3*a + 60. Let v = -59 + a. What is the remainder when v is divided by 7?
6
Suppose -2*x = -5*p + 591, 0 = -6*p + 2*p - x + 478. What is the remainder when p is divided by 20?
19
Let f = -146 + 176. What is the remainder when 82 is divided by f?
22
Suppose -20*x - 75 = -25*x. Let t(u) = u**3 + 3*u - 4. Let w be t(4). Let g = -15 + w. What is the remainder when g is divided by x?
12
What is the remainder when 250 is divided by -4*1/6 + 188/3?
2
Let n be (545/15)/(1/9). Suppose p - 4*